{"id":99,"date":"2013-03-19T02:39:32","date_gmt":"2013-03-19T02:39:32","guid":{"rendered":"http:\/\/ce-resd.sbc.org.br\/?page_id=99"},"modified":"2013-04-29T13:03:54","modified_gmt":"2013-04-29T13:03:54","slug":"anais-2002","status":"publish","type":"page","link":"https:\/\/ce-resd.sbc.org.br\/?page_id=99","title":{"rendered":"Anais &#8211; XX SBRC (2002)"},"content":{"rendered":"<p><strong><span style=\"font-size: large;\">Artigos da Trilha Principal<\/span><\/strong><\/p>\n<p><a href=\"http:\/\/ce-resd.sbc.org.br\/sbrc\/2002\/001.pdf\">Anemona: uma linguagem de configura\u00e7\u00e3o para aplica\u00e7\u00f5es pr\u00e1ticas de ger\u00eancia distribu\u00edda.<\/a><br \/>\nHenrique Denes H. Fernandes, Elias Proc\u00f3pio Duarte Jr., Martin A. Musicante<\/p>\n<p><a href=\"http:\/\/ce-resd.sbc.org.br\/sbrc\/2002\/002.pdf\">Uma ferramenta para gera\u00e7\u00e3o de gateways e scripts em um ambiente CORBA.<\/a><br \/>\nCarlos Maur\u00edcio S. Figueiredo, Eduardo Freire Nakamura, Antonio A. F. Loureiro<\/p>\n<p><a href=\"http:\/\/ce-resd.sbc.org.br\/sbrc\/2002\/003.pdf\">A viabilidade do gerenciamento de desempenho pr\u00f3-ativo baseado em uma arquitetura de gerenciamento que usa tecnologia ativa.<\/a><br \/>\nEdmundo Lopes Cecilio, Ana Paula Magalh\u00e3es Dumont, Fl\u00e1via Coimbra Delicato, Luiz Fernando Rust da Costa Carmo, Luci Pirmez<\/p>\n<p><a href=\"http:\/\/ce-resd.sbc.org.br\/sbrc\/2002\/004.pdf\">Issues in designing network management systems based on mobile autonomous agents.<\/a><br \/>\nHendrik Teixeira Macedo, Geber Lisboa Ramalho, Carlos A. G. Ferraz<\/p>\n<p><a href=\"http:\/\/ce-resd.sbc.org.br\/sbrc\/2002\/005.pdf\">Detec\u00e7\u00e3o e an\u00e1lise de falhas usando redes de depend\u00eancias em sistemas distribu\u00eddos de gerenciamento.<\/a><br \/>\nJo\u00e3o Carlos F. Barbosa, Jos\u00e9 Marcos S. Nogueira<\/p>\n<p><a href=\"http:\/\/ce-resd.sbc.org.br\/sbrc\/2002\/006.pdf\">MS2VAN &#8211; um sistema para ger\u00eancia de servi\u00e7os em redes ativas virtuais.<\/a><br \/>\nF\u00e1bio Luciano Verdi, Edmundo R. M. Madeira<\/p>\n<p><a href=\"http:\/\/ce-resd.sbc.org.br\/sbrc\/2002\/007.pdf\">Algoritmo adaptativo para balanceamento de carga para tr\u00e1fego tipo melhor esfor\u00e7o em redes IP\/MPLS.<\/a><br \/>\nM. D. Cavalcante, T. M. R. Lima, V. L. da Costa, M. F. Magalh\u00e3es, R. S. Mendes<\/p>\n<p><a href=\"http:\/\/ce-resd.sbc.org.br\/sbrc\/2002\/008.pdf\">Uma plataforma para engenharia de tr\u00e1fego com qualidade de servi\u00e7o em redes MPLS.<\/a><br \/>\nEduardo N. F. Zagari, Tom\u00e1s A. C. Badan, Rodrigo C. M. Prado, Eleri Cardozo, Maur\u00edcio Magalh\u00e3es<\/p>\n<p><a href=\"http:\/\/ce-resd.sbc.org.br\/sbrc\/2002\/009.pdf\">Um algoritmo de substitui\u00e7\u00e3o de objetos em cache na Internet baseado em sem\u00e2ntica.<\/a><br \/>\nAlcides Calsavara, Rog\u00e9rio Guaraci dos Santos<\/p>\n<p><a href=\"http:\/\/ce-resd.sbc.org.br\/sbrc\/2002\/010.pdf\">Proxy ativo: diminuindo a lat\u00eancia atrav\u00e9s de pushing.<\/a><br \/>\nBruno Gusm\u00e3o Rocha, Adriano Alonso Veloso, Wagner Meira Jr., Virgilio A. F. Almeida<\/p>\n<p><a href=\"http:\/\/ce-resd.sbc.org.br\/sbrc\/2002\/011.pdf\">Pol\u00edtica de escalonamento para servidores Web baseada na velocidade da conex\u00e3o.<\/a><br \/>\nCristina Duarte Murta, Tarc\u00edsio Paulo Corlassoli<\/p>\n<p><a href=\"http:\/\/ce-resd.sbc.org.br\/sbrc\/2002\/012.pdf\">Servi\u00e7o robusto de Web-To-Dial baseado em SIP e java applet.<\/a><br \/>\nCesar A. C. Marcondes, Paulo H. de Aguiar Rodrigues<\/p>\n<p><a href=\"http:\/\/ce-resd.sbc.org.br\/sbrc\/2002\/013.pdf\">Caracteriza\u00e7\u00e3o de carga de redes Peer-to-Peer.<\/a><br \/>\nJuliano Santos, Leonardo Rocha, Diego Nogueira, Paulo Ara\u00fajo, Virg\u00edlio Almeida, Wagner Meira Jr.<\/p>\n<p><a href=\"http:\/\/ce-resd.sbc.org.br\/sbrc\/2002\/014.pdf\">Adjusted weight-balanced binary tree for IP routing table lookup.<\/a><br \/>\nTsern-Huei Lee, Pau-Chuan Ting<\/p>\n<p><a href=\"http:\/\/ce-resd.sbc.org.br\/sbrc\/2002\/015.pdf\">Framework de servi\u00e7os em ambiente heterog\u00eaneo de telefonia IP.<\/a><br \/>\nCesar A. C. Marcondes, Paulo H. de Aguiar Rodrigues<\/p>\n<p><a href=\"http:\/\/ce-resd.sbc.org.br\/sbrc\/2002\/016.pdf\">Uma arquitetura para disponibiliza\u00e7\u00e3o e ger\u00eancia de servi\u00e7os na Internet.<\/a><br \/>\nRossano P. Pinto, Luis F. Faina, Antonio T. Maffeis, Eliane G. Guimar\u00e3es, Carlos A. Miglinsk, Eleri Cardozo<\/p>\n<p><a href=\"http:\/\/ce-resd.sbc.org.br\/sbrc\/2002\/017.pdf\">Ger\u00eancia de falhas distribu\u00edda e confi\u00e1vel baseada em clusters de agentes.<\/a><br \/>\nAldri L. dos Santos, Elias P. Duarte Jr., Glenn Mansfield<\/p>\n<p><a href=\"http:\/\/ce-resd.sbc.org.br\/sbrc\/2002\/018.pdf\">Um modelo para toler\u00e2ncia a falhas em sistemas distribu\u00eddos com QoS.<\/a><br \/>\nS\u00e9rgio Gorender, Raimundo Jos\u00e9 de Ara\u00fajo Mac\u00eado<\/p>\n<p><a href=\"http:\/\/ce-resd.sbc.org.br\/sbrc\/2002\/019.pdf\">Using remote memory to stabilise data efficiently on an EXT2 linux file system.<\/a><br \/>\nFrancisco Brasileiro, Walfredo Cirne, Erick Passos, Tatiana Stanchi<\/p>\n<p><a href=\"http:\/\/ce-resd.sbc.org.br\/sbrc\/2002\/020.pdf\">Um protocolo de valida\u00e7\u00e3o at\u00f4mica n\u00e3o-bloqueante eficiente.<\/a><br \/>\nFab\u00edola Greve, Jean-Pierre Le Narzul<\/p>\n<p><a href=\"http:\/\/ce-resd.sbc.org.br\/sbrc\/2002\/021.pdf\">C\u00e1lculo Eficiente da distribui\u00e7\u00e3o do tamanho de filas baseado em modelos de fluido.<\/a><br \/>\nAna Paula Couto da Silva, Rosa Maria Meri Le\u00e3o, Edmundo de Souza e Silva<\/p>\n<p><a href=\"http:\/\/ce-resd.sbc.org.br\/sbrc\/2002\/022.pdf\">Uso de Beowulf&#8217;s como servidores Web.<\/a><br \/>\nRoberto Ferreira Brand\u00e3o, Ricardo de Oliveira Anido<\/p>\n<p><a href=\"http:\/\/ce-resd.sbc.org.br\/sbrc\/2002\/023.pdf\">An\u00e1lise estoc\u00e1stica de descarte de pacotes em redes TCP.<\/a><br \/>\nJorge L. de C. e Silva, Marcilia A. Campos, Paulo R. F. Cunha, Jos\u00e9 N. de Souza<\/p>\n<p><a href=\"http:\/\/ce-resd.sbc.org.br\/sbrc\/2002\/024.pdf\">Um modelo para controle de erros usando ARQ e FEC em redes ATM sem fio.<\/a><br \/>\nRejane C. Freitas, Jos\u00e9 A. Suruagy Monteiro<\/p>\n<p><a href=\"http:\/\/ce-resd.sbc.org.br\/sbrc\/2002\/025.pdf\">An\u00e1lise do retardo fim-a-fim em redes de servidores Generalized Processor Sharing com tr\u00e1fego auto-similar.<\/a><br \/>\nNelson L. S. da Fonseca, Fl\u00e1vio de M. Pereira, Dalton S. Arantes<\/p>\n<p><a href=\"http:\/\/ce-resd.sbc.org.br\/sbrc\/2002\/026.pdf\">Avalia\u00e7\u00e3o de desempenho de protocolos para multicast com conhecimento de grupo baseados em polling.<\/a><br \/>\nMarinho Barcellos, Andr\u00e9 Detsch<\/p>\n<p><a href=\"http:\/\/ce-resd.sbc.org.br\/sbrc\/2002\/027.pdf\">Modelo anal\u00edtico para avaliar plataformas cliente\/servidor e agentes m\u00f3veis aplicado \u00e0 ger\u00eancia de redes.<\/a><br \/>\nJuliana Amaral Arantes, Carlos Becker Westphall, Ricardo Felipe Cust\u00f3dio<\/p>\n<p><a href=\"http:\/\/ce-resd.sbc.org.br\/sbrc\/2002\/028.pdf\">Performance analysis for data service in mobile telecommunication networks.<\/a><br \/>\nAloizio P. Silva, Geraldo R. Mateus<\/p>\n<p><a href=\"http:\/\/ce-resd.sbc.org.br\/sbrc\/2002\/029.pdf\">Pr-PRMA: a PRMA-based protocol for third generation communication systems.<\/a><br \/>\nLu\u00eds Humberto R. Barbosa, Geraldo Robson Mateus<\/p>\n<p><a href=\"http:\/\/ce-resd.sbc.org.br\/sbrc\/2002\/030.pdf\">Qualidade de servi\u00e7o em redes 802.11.<\/a><br \/>\nMarcelo G. Rubinstein, Jos\u00e9 Ferreira de Rezende<\/p>\n<p><a href=\"http:\/\/ce-resd.sbc.org.br\/sbrc\/2002\/031.pdf\">Enhancing performance of the bluetooth wireless channel through dynamic segmentation.<\/a><br \/>\nCarlos M. Cordeiro, Dharma P. Agrawal<\/p>\n<p><a href=\"http:\/\/ce-resd.sbc.org.br\/sbrc\/2002\/032.pdf\">Um algoritmo eficiente de solu\u00e7\u00e3o de modelos com aplica\u00e7\u00e3o a redes multim\u00eddia.<\/a><br \/>\nMorganna Carmem Diniz, Edmundo A. de Souza e Silva<\/p>\n<p><a href=\"http:\/\/ce-resd.sbc.org.br\/sbrc\/2002\/033.pdf\">Valida\u00e7\u00e3o da estrat\u00e9gia de adapta\u00e7\u00e3o din\u00e2mica de QoS do projeto ServiM\u00eddia.<\/a><br \/>\nLuiz F. Rust, Luci Pirmez, Roberta Gomes, Renata Correa, Reinaldo Correia<\/p>\n<p><a href=\"http:\/\/ce-resd.sbc.org.br\/sbrc\/2002\/034.pdf\">Event-Driven programming for distributed multimedia applications.<\/a><br \/>\nAl\u00e9sio Pfeifer, Cristina Ururahy, Noemi Rodriguez, Roberto Ierusalimschy<\/p>\n<p><a href=\"http:\/\/ce-resd.sbc.org.br\/sbrc\/2002\/035.pdf\">Adapta\u00e7\u00e3o de conte\u00fado de mensagens HTTP baseada em perfis de dispositivo, conte\u00fado, usu\u00e1rio e servi\u00e7o de rede.<\/a><br \/>\nWanderley Lopes de Souza, Gregor von Bochmann, Khalil El-Khatib, Xiaoqing He<\/p>\n<p><a href=\"http:\/\/ce-resd.sbc.org.br\/sbrc\/2002\/036.pdf\">Uma ferramenta para desenvolvimento de aplica\u00e7\u00f5es para dispositivos m\u00f3veis.<\/a><br \/>\nAndr\u00e9 C. O. Minelli, Antonio A. F. Loureiro<\/p>\n<p><a href=\"http:\/\/ce-resd.sbc.org.br\/sbrc\/2002\/037.pdf\">Design and evaluation of a protocol for atomic multicast among mobile hosts.<\/a><br \/>\nMateus de Freitas Ribeiro, Markus Endler<\/p>\n<p><a href=\"http:\/\/ce-resd.sbc.org.br\/sbrc\/2002\/038.pdf\">A mobile infostation system for wireless data communications.<\/a><br \/>\nDave A. T. Cavalcanti, Djamel Sadok, Judith Kelner<\/p>\n<p><a href=\"http:\/\/ce-resd.sbc.org.br\/sbrc\/2002\/039.pdf\">WorkToDo &#8211; um sistema de gerenciamento de workflows para ambientes de comunica\u00e7\u00e3o sem fio.<\/a><br \/>\nLeonardo Hartleben Reinehr, Maria Beatriz Felgar de Toledo<\/p>\n<p><a href=\"http:\/\/ce-resd.sbc.org.br\/sbrc\/2002\/040.pdf\">Otimiza\u00e7\u00e3o de controlador Fuzzy para provisionamento de recursos em ambiente DiffServ atrav\u00e9s de algoritmo gen\u00e9tico.<\/a><br \/>\nMarcial Porto Fernandez, Aloysio de Castro P. Pedroza, Jos\u00e9 Ferreira de Rezende<\/p>\n<p><a href=\"http:\/\/ce-resd.sbc.org.br\/sbrc\/2002\/041.pdf\">Implementa\u00e7\u00e3o diferencia\u00e7\u00e3o de servi\u00e7os em servidores Web atrav\u00e9s de escalonamento adaptativo.<\/a><br \/>\nCarlos Montez<\/p>\n<p><a href=\"http:\/\/ce-resd.sbc.org.br\/sbrc\/2002\/042.pdf\">Especifica\u00e7\u00e3o de requisitos de qualidade de servi\u00e7o em sistemas abertos: a linguagem QSL.<\/a><br \/>\nFrank A. Siqueira<\/p>\n<p><a href=\"http:\/\/ce-resd.sbc.org.br\/sbrc\/2002\/043.pdf\">Justi\u00e7a em modelos de negocia\u00e7\u00e3o de servi\u00e7os na Internet.<\/a><br \/>\nCarlos Alberto Kamienski, Djmael Sadok, Alejandro Frery<\/p>\n<p><a href=\"http:\/\/ce-resd.sbc.org.br\/sbrc\/2002\/044.pdf\">Sele\u00e7\u00e3o din\u00e2mica de objetos distribu\u00eddos no ambiente LuaSpace.<\/a><br \/>\nThais Batista, Jos\u00e9 Neilton Morais, Milano G. Carvalho, Wander Teixeira<\/p>\n<p><a href=\"http:\/\/ce-resd.sbc.org.br\/sbrc\/2002\/045.pdf\">MJaco &#8211; integra\u00e7\u00e3o do multicast IP na arquitetura CORBA.<\/a><br \/>\nAlysson Neves Bessani, Joni da Silva Fraga, Lau Cheuk Lung<\/p>\n<p><a href=\"http:\/\/ce-resd.sbc.org.br\/sbrc\/2002\/046.pdf\">Meta-ORB: a highly configurable and adaptable reflective middleware platform.<\/a><br \/>\nF\u00e1bio Moreira Costa<\/p>\n<p><a href=\"http:\/\/ce-resd.sbc.org.br\/sbrc\/2002\/047.pdf\">Uma abordagem de escalonamento adaptativo no ambiente real-time CORBA.<\/a><br \/>\nAlexandre Cervieiri, R\u00f4mulo Silva de Oliveira, Cl\u00e1udio F. Resin Geyer<\/p>\n<p><a href=\"http:\/\/ce-resd.sbc.org.br\/sbrc\/2002\/048.pdf\">Reuse and validation of requiments for mobile systems.<\/a><br \/>\nRossana Andrade, Luigi Logrippo<\/p>\n<p><a href=\"http:\/\/ce-resd.sbc.org.br\/sbrc\/2002\/049.pdf\">An\u00e1lise de estabilidade e imparcialidade em um novo algoritmo para transmiss\u00e3o multicast em camadas.<\/a><br \/>\nValter Roesler, Gaspare Giuliano Bruno, Jos\u00e9 Valdeni de Lima<\/p>\n<p><a href=\"http:\/\/ce-resd.sbc.org.br\/sbrc\/2002\/050.pdf\">Gerenciamento de recursos distribu\u00eddos em sistemas de grande escala.<\/a><br \/>\nJeferson Roberto Marques, Fabio Kon<\/p>\n<p><a href=\"http:\/\/ce-resd.sbc.org.br\/sbrc\/2002\/051.pdf\">Implementation and performance of a total order multicast to multiple groups.<\/a><br \/>\nUdo Fritzke Jr.<\/p>\n<p><a href=\"http:\/\/ce-resd.sbc.org.br\/sbrc\/2002\/052.pdf\">Um agente SNMP para detec\u00e7\u00e3o de intrus\u00e3o baseada na monitora\u00e7\u00e3o de intera\u00e7\u00f5es de protocolos.<\/a><br \/>\nEdgar Meneghetti, Luciano Gaspary, Liane Tarouco<\/p>\n<p><a href=\"http:\/\/ce-resd.sbc.org.br\/sbrc\/2002\/053.pdf\">Pol\u00edticas de seguran\u00e7a obrigat\u00f3rias: Bell e Lapadula no CORBAsec.<\/a><br \/>\nCarla Merkle Westphall, Joni da S. Fraga, Carlos B. Westphall, Silvia C. S. Bianchi<\/p>\n<p><a href=\"http:\/\/ce-resd.sbc.org.br\/sbrc\/2002\/054.pdf\">Especifica\u00e7\u00e3o formal e implementa\u00e7\u00e3o de mecanismos de seguran\u00e7a para a resolu\u00e7\u00e3o de nomes no DNS.<\/a><br \/>\nVagner Sacramento, Anamaria Moreira, Guido Lemos, Thais Batista<\/p>\n","protected":false},"excerpt":{"rendered":"<p>Artigos da Trilha Principal Anemona: uma linguagem de configura\u00e7\u00e3o para aplica\u00e7\u00f5es pr\u00e1ticas de ger\u00eancia distribu\u00edda. Henrique Denes H. Fernandes, Elias Proc\u00f3pio Duarte Jr., Martin A. Musicante Uma ferramenta para gera\u00e7\u00e3o de gateways e scripts em um ambiente CORBA. Carlos Maur\u00edcio &hellip; <a href=\"https:\/\/ce-resd.sbc.org.br\/?page_id=99\">Continue lendo <span class=\"meta-nav\">&rarr;<\/span><\/a><\/p>\n","protected":false},"author":3,"featured_media":0,"parent":0,"menu_order":0,"comment_status":"closed","ping_status":"closed","template":"","meta":{"_daextinma_seo_power":"","_daextinma_enable_ail":"","footnotes":""},"class_list":["post-99","page","type-page","status-publish","hentry"],"_links":{"self":[{"href":"https:\/\/ce-resd.sbc.org.br\/index.php?rest_route=\/wp\/v2\/pages\/99","targetHints":{"allow":["GET"]}}],"collection":[{"href":"https:\/\/ce-resd.sbc.org.br\/index.php?rest_route=\/wp\/v2\/pages"}],"about":[{"href":"https:\/\/ce-resd.sbc.org.br\/index.php?rest_route=\/wp\/v2\/types\/page"}],"author":[{"embeddable":true,"href":"https:\/\/ce-resd.sbc.org.br\/index.php?rest_route=\/wp\/v2\/users\/3"}],"replies":[{"embeddable":true,"href":"https:\/\/ce-resd.sbc.org.br\/index.php?rest_route=%2Fwp%2Fv2%2Fcomments&post=99"}],"version-history":[{"count":0,"href":"https:\/\/ce-resd.sbc.org.br\/index.php?rest_route=\/wp\/v2\/pages\/99\/revisions"}],"wp:attachment":[{"href":"https:\/\/ce-resd.sbc.org.br\/index.php?rest_route=%2Fwp%2Fv2%2Fmedia&parent=99"}],"curies":[{"name":"wp","href":"https:\/\/api.w.org\/{rel}","templated":true}]}}