{"id":49,"date":"2013-02-27T03:25:14","date_gmt":"2013-02-27T03:25:14","guid":{"rendered":"http:\/\/ce-resd.sbc.org.br\/?page_id=49"},"modified":"2024-04-04T11:51:33","modified_gmt":"2024-04-04T14:51:33","slug":"coordenadores","status":"publish","type":"page","link":"https:\/\/ce-resd.sbc.org.br\/?page_id=49","title":{"rendered":"Coordenadores"},"content":{"rendered":"<p>2023 &#8211; XLI SBRC, Bras\u00edlia, DF<\/p>\n<p style=\"padding-left: 60px;\"><strong>Geral: <\/strong>Marcelo Antonio Marotta, Geraldo P. Rocha Filho e Marcos F. Caetano <strong><br \/>\nPrograma: <\/strong>Carlos Kamienski e Eduardo Cerqueira<\/p>\n<p>2022 &#8211; XL SBRC, Fortaleza, CE (Evento Online)<\/p>\n<p style=\"padding-left: 60px;\"><strong>Geral: <\/strong>Rafael L. Gomes e Rossana M. Andrade\u00a0<strong><br \/>\nPrograma: <\/strong>Leandro Villas e Flavia Delicato<\/p>\n<p>2021 &#8211; XXXIX SBRC, Uberl\u00e2ndia, MG (Evento Online)<\/p>\n<p style=\"padding-left: 60px;\"><strong><strong>Geral:<\/strong>\u00a0<\/strong>Fl\u00e1vio de Oliveira Silva e Pedro Frosi Rosa\u00a0<strong><br \/>\n<strong>Programa:<\/strong>\u00a0<\/strong>Alberto Egon Schaeffer Filho e F\u00e1bio Luciano Verdi<\/p>\n<p>2020 &#8211; XXXVIII SBRC, Rio de Janeiro, RJ (Evento Online)<\/p>\n<p style=\"padding-left: 60px;\"><strong><strong>Geral:<\/strong>\u00a0<\/strong>Igor M. Moraes e Miguel E. M. Campista<strong><br \/>\n<strong>Programa:<\/strong>\u00a0<\/strong>Anelise M. Fonseca e Marcelo G. Rubinstein<\/p>\n<p>2019 &#8211; XXXVII SBRC, Gramado, RS<\/p>\n<p style=\"padding-left: 60px;\"><strong><strong>Geral:<\/strong>\u00a0<\/strong>Alberto E. Schaeffer-Filho e Weverton Cordeiro<strong><br \/>\n<strong>Programa:<\/strong>\u00a0<\/strong>Fab\u00edola G. P. Greve e Ant\u00f4nio J. G. Abel\u00e9m<\/p>\n<p><span style=\"font-weight: 300;\">2018 &#8211; XXXVI SBRC, Campos do Jord\u00e3o, SP<\/span><\/p>\n<p style=\"padding-left: 60px;\"><strong><strong>Geral:<\/strong> <\/strong>F\u00e1bio Luciano Verdi e J\u00f3 Ueyama<strong><br \/>\n<strong>Programa:<\/strong> <\/strong>Rossana Andrade e Luiz Fernando Bittencourt<\/p>\n<p>2017 &#8211; XXXV SBRC, Bel\u00e9m, PA<\/p>\n<p style=\"padding-left: 60px;\"><strong>Geral:<\/strong> Ant\u00f4nio Abel\u00e9m e Eduardo Cerqueira<br \/>\n<strong>Programa:<\/strong> Michele Nogueira e Edmundo Madeira<\/p>\n<p>2016 &#8211; XXXIV SBRC, Salvador, BA<\/p>\n<p style=\"padding-left: 60px;\"><strong>Geral:<\/strong>\u00a0Fab\u00edola Gon\u00e7alves Pereira Greve, Allan E. S. Freitas e Romildo M. da Silva<br \/>\n<strong>Programa:<\/strong>\u00a0Marinho Barcellos e Antonio Alfredo Loureiro<\/p>\n<p>2015 &#8211; XXXIII SBRC, Vit\u00f3ria, ES<\/p>\n<p style=\"padding-left: 60px;\"><strong>Geral:<\/strong>\u00a0Magnos Martinello e Mois\u00e9s Renato Nunes Ribeiro<br \/>\n<strong>Programa:<\/strong>\u00a0Jussara Marques de Almeida e Christian Esteve Rothenberg<\/p>\n<p>2014 &#8211; XXXII SBRC, Florian\u00f3polis, SC<\/p>\n<p style=\"padding-left: 60px;\"><strong>Geral:<\/strong>\u00a0Joni da Silva Fraga e Franklin Augusto Siqueira<br \/>\n<strong>Programa:<\/strong>\u00a0Luciano Paschoal Gaspary e Markus Endler<\/p>\n<p>2013 &#8211; XXXI SBRC, Bras\u00edlia, DF<\/p>\n<p style=\"padding-left: 60px;\"><strong>Geral:<\/strong> Jacir Bordin, Rafael Tim\u00f3teo de Souza J\u00fanior e William Ferreira Giozza<br \/>\n<strong>Programa:<\/strong> Carlos Andr\u00e9 Guimar\u00e3es Ferraz e Jos\u00e9 Augusto Suruagy Monteiro<\/p>\n<p>2012 &#8211; XXX SBRC, Ouro Preto, MG<\/p>\n<p style=\"padding-left: 60px;\"><strong>Geral:<\/strong> Dorgival Olavo Guedes Neto e Jussara Marques de Almeida<br \/>\n<strong>Programa:<\/strong> Elias Proc\u00f3pio Duarte Jr e Jos\u00e9 Ferreira de Rezende<\/p>\n<p>2011 &#8211; XXIX SBRC, Campo Grande, MS<\/p>\n<p style=\"padding-left: 60px;\"><strong>Geral:<\/strong> Ronaldo Alves Ferreira<br \/>\n<strong>Programa:<\/strong> Artur Ziviani e Bruno Richard Schulze<\/p>\n<p>2010 &#8211; XXVIII SBRC, Gramado, RS<\/p>\n<p style=\"padding-left: 60px;\"><strong>Geral:<\/strong> Antonio Marinho Pilla Barcelos e Luciano Paschoal Gaspary<br \/>\n<strong>Programa:<\/strong> Luci Pirmez e Tha\u00eds Vasconcelos Batista<\/p>\n<p>2009 &#8211; XXVII SBRC, Recife, PE<\/p>\n<p style=\"padding-left: 60px;\"><strong>Geral:<\/strong>\u00a0Carlos Andr\u00e9 Guimar\u00e3es Ferraz e Paulo Andr\u00e9 da Silva Gon\u00e7alves<br \/>\n<strong>Programa:<\/strong>\u00a0Francisco Vilar Brasileiro<\/p>\n<p>2008 &#8211; XXVI SBRC, Rio de Janeiro, RJ<\/p>\n<p style=\"padding-left: 60px;\"><strong>Geral:<\/strong>\u00a0Artur Ziviani, C\u00e9lio Vin\u00edcius Neves de Albuquerque, Marcelo Rubinstein \u00a0e Luis Henrique Maciel Kosmalski<br \/>\n<strong>Programa:<\/strong>\u00a0Nelson Luis Saldanha da Fonseca<\/p>\n<p>2007 &#8211; XXV SBRC, Bel\u00e9m, PA<\/p>\n<p style=\"padding-left: 60px;\"><strong>Geral:<\/strong>\u00a0Antonio Jose Gomes Abel\u00e9m e Jo\u00e3o Cris\u00f3stomo Weyl Costa<br \/>\n<strong>Programa:<\/strong>\u00a0Lisandro Zambenedetti Granville<\/p>\n<p>2006 &#8211; XXIV SBRC, Curitiba, PR<\/p>\n<p style=\"padding-left: 60px;\"><strong>Geral:<\/strong>\u00a0Carlos Alberto Maziero, Elias Proc\u00f3pio Duarte Jr e Keiko Ver\u00f4nica Ono Fonseca<br \/>\n<strong>Programa:<\/strong>\u00a0Joni da Silva Fraga<\/p>\n<p>2005 &#8211; XXIII SBRC, Fortaleza, CE<\/p>\n<p style=\"padding-left: 60px;\"><strong>Geral:<\/strong>\u00a0Rossana Maria de Castro Andrade e Joaquim Celestino Junior<br \/>\n<strong>Programa:<\/strong>\u00a0Jos\u00e9 Augusto Suruagy Monteiro<\/p>\n<p>2004 &#8211; XXII SBRC, Gramado, RS<\/p>\n<p style=\"padding-left: 60px;\"><strong>Geral:<\/strong>\u00a0Lisandro Zambenedetti Granville e Maria Janilce Bosquiroli Almeida<br \/>\n<strong>Programa:<\/strong>\u00a0Jos\u00e9 Marcos Silva Nogueira<\/p>\n<p>2003 &#8211; XXI SBRC, Natal, RN<\/p>\n<p style=\"padding-left: 60px;\"><strong>Geral:<\/strong>\u00a0Tha\u00eds Vasconcelos Batista<br \/>\n<strong>Programa:<\/strong>\u00a0Luiz Fernando Gomes Soares<\/p>\n<p>2002 &#8211; XX SBRC, B\u00fazios, RJ<\/p>\n<p style=\"padding-left: 60px;\"><strong>Geral:<\/strong>\u00a0Luci Pirmez e Luiz Fernando Rust da Costa Carmo<br \/>\n<strong>Programa:<\/strong>\u00a0Raimundo Jos\u00e9 de Ara\u00fajo Mac\u00eado<\/p>\n<p>2001 &#8211; XIX SBRC, Florian\u00f3polis, SC<\/p>\n<p style=\"padding-left: 60px;\"><strong>Geral:<\/strong>\u00a0Jean Marie Alexandre Farines<br \/>\n<strong>Programa:<\/strong>\u00a0Otto Carlos Muniz Bandeira Duarte<\/p>\n<p>2000 &#8211; XVIII SBRC, Belo Horizonte, MG<\/p>\n<p style=\"padding-left: 60px;\"><strong>Geral:<\/strong>\u00a0Antonio Alfredo Ferreira Loureiro<br \/>\n<strong>Programa:<\/strong>\u00a0Edmundo Roberto Mauro Madeira e Luiz Eduardo Buzzato<\/p>\n<p>1999 &#8211; XVII SBRC, Salvador, BA<\/p>\n<p style=\"padding-left: 60px;\"><strong>Geral:<\/strong>\u00a0Raimundo Jos\u00e9 de Ara\u00fajo Mac\u00eado<br \/>\n<strong>Programa:<\/strong>\u00a0Jos\u00e9 Marcos Silva Nogueira<\/p>\n<p>1998 &#8211; XVI SBRC, Rio de Janeiro, RJ<\/p>\n<p style=\"padding-left: 60px;\"><strong>Geral:<\/strong>\u00a0Julius Leite<br \/>\n<strong>Programa:<\/strong>\u00a0Edmundo Albuquerque de Souza e Silva<\/p>\n<p>1997 &#8211; XV SBRC, S\u00e3o Carlos, SP<\/p>\n<p style=\"padding-left: 60px;\"><strong>Geral:<\/strong>\u00a0Wanderley Lopes de Souza<br \/>\n<strong>Programa:<\/strong>\u00a0Rog\u00e9rio Drummond<\/p>\n<p>1996 &#8211; XIV SBRC, Fortaleza, CE<\/p>\n<p style=\"padding-left: 60px;\"><strong>Geral:<\/strong>\u00a0Mauro Oliveira<br \/>\n<strong>Programa:<\/strong>\u00a0Luiz Fernando Gomes Soares<\/p>\n<p>1995 &#8211; XIII SBRC, Belo Horizonte, MG<\/p>\n<p style=\"padding-left: 60px;\"><strong>Geral:<\/strong>\u00a0Jos\u00e9 Marcos Silva Nogueira<br \/>\n<strong>Programa:<\/strong>\u00a0Jos\u00e9 Augusto Suruagy Monteiro<\/p>\n<p>1994 &#8211; XII SBRC, Curitiba, PR<\/p>\n<p style=\"padding-left: 60px;\"><strong>Geral:<\/strong>\u00a0Manoel Camilo de Oliveira Penna Neto<br \/>\n<strong>Programa:<\/strong>\u00a0Jean Marie Alexandre Farines<\/p>\n<p>1993 &#8211; XI SBRC, Campinas, SP<\/p>\n<p style=\"padding-left: 60px;\"><strong>Geral:<\/strong>\u00a0Maur\u00edcio Ferreira Magalh\u00e3es e Manoel de Jesus Mendes<br \/>\n<strong>Programa:<\/strong>\u00a0Wanderley Lopes de Souza<\/p>\n<p>1992 &#8211; X SBRC, Recife, PE<\/p>\n<p style=\"padding-left: 60px;\"><strong>Geral:<\/strong>\u00a0Jos\u00e9 Augusto Suruagy Monteiro<br \/>\n<strong>Programa:<\/strong>\u00a0Jos\u00e9 Augusto Suruagy Monteiro<\/p>\n<p>1991 &#8211; IX SBRC, Florian\u00f3polis, SC<\/p>\n<p style=\"padding-left: 60px;\"><strong>Geral:<\/strong>\u00a0Elizabeth Sueli Specialski<br \/>\n<strong>Programa:<\/strong>\u00a0Elizabeth Sueli Specialski<\/p>\n<p>1990 &#8211; VIII SBRC, Campinas, SP<\/p>\n<p style=\"padding-left: 60px;\"><strong>Geral:<\/strong>\u00a0Maur\u00edcio Ferreira Magalh\u00e3es<br \/>\n<strong>Programa:<\/strong>\u00a0Maur\u00edcio Ferreira Magalh\u00e3es<\/p>\n<p>1989 &#8211; VII SBRC, Porto Alegre, RS<\/p>\n<p style=\"padding-left: 60px;\"><strong>Geral:<\/strong>\u00a0Liane Margarida Rockenbach Tarouco<br \/>\n<strong>Programa:<\/strong>\u00a0Joberto S\u00e9rgio Barbosa Martins<\/p>\n<p>1988 &#8211; VI SBRC, Belo Horizonte, MG<\/p>\n<p style=\"padding-left: 60px;\"><strong>Geral:<\/strong>\u00a0Jos\u00e9 Eduardo de R. Dantas, Jos\u00e9 Marcos S. Nogueira, Oswaldo S\u00e9rgio F. de Carvalho e Newton Alberto de C. Lages<br \/>\n<strong>Programa:<\/strong>\u00a0Eduardo Whitaker Bergamini, Jo\u00e3o Eduardo de R. Dantas, Jos\u00e9 Roberto Boisson de Marca, Liane M. R. Tarouco, Lucas A. Moscato, Newton A. de C. Lages, Paulo Henrque A. Rodrigues, S\u00edlvio R. L. Meira, William F. Giozza<em><br \/>\n<\/em><\/p>\n<p>1987 &#8211; V SBRC, S\u00e3o Paulo, SP<\/p>\n<p style=\"padding-left: 60px;\"><strong>Geral:<\/strong>\u00a0Stefania Stiubiener<br \/>\n<strong>Programa:<\/strong>\u00a0Stefania Stiubiener<\/p>\n<p>1986 &#8211; IV SBRC, Recife, PE<\/p>\n<p style=\"padding-left: 60px;\"><strong>Geral:<\/strong>\u00a0Paulo Roberto Freire Cunha<br \/>\n<strong>Programa:<\/strong>\u00a0Paulo Roberto Freire Cunha<\/p>\n<p>1985 &#8211; III SBRC, Rio de Janeiro, RJ<\/p>\n<p style=\"padding-left: 60px;\"><strong>Geral:<\/strong>\u00a0Jos\u00e9 F\u00e1bio Marinho de Ara\u00fajo<br \/>\n<strong>Programa:<\/strong>\u00a0Jos\u00e9 F\u00e1bio Marinho de Ara\u00fajo<\/p>\n<p>1984 &#8211; II SBRC, Campina Grande, PB<\/p>\n<p style=\"padding-left: 60px;\"><strong>Geral:<\/strong>\u00a0Jos\u00e9 Ant\u00e3o Beltr\u00e3o Moura<br \/>\n<strong>Programa:<\/strong>\u00a0William Ferreira Giozza<\/p>\n<p>1983 &#8211; I SBRC, Porto Alegre, RS<\/p>\n<p style=\"padding-left: 60px;\"><strong>Geral:<\/strong>\u00a0Juergen Rochol<br \/>\n<strong>Programa:<\/strong>\u00a0Juergen Rochol e Z. C. P. Oliveira<\/p>\n<p style=\"padding-left: 60px;\">\n","protected":false},"excerpt":{"rendered":"<p>2023 &#8211; XLI SBRC, Bras\u00edlia, DF Geral: Marcelo Antonio Marotta, Geraldo P. Rocha Filho e Marcos F. Caetano Programa: Carlos Kamienski e Eduardo Cerqueira 2022 &#8211; XL SBRC, Fortaleza, CE (Evento Online) Geral: Rafael L. Gomes e Rossana M. Andrade\u00a0 &hellip; <a href=\"https:\/\/ce-resd.sbc.org.br\/?page_id=49\">Continue lendo <span class=\"meta-nav\">&rarr;<\/span><\/a><\/p>\n","protected":false},"author":3,"featured_media":0,"parent":0,"menu_order":0,"comment_status":"closed","ping_status":"closed","template":"","meta":{"_daextinma_seo_power":"1000","_daextinma_enable_ail":"","footnotes":""},"class_list":["post-49","page","type-page","status-publish","hentry"],"_links":{"self":[{"href":"https:\/\/ce-resd.sbc.org.br\/index.php?rest_route=\/wp\/v2\/pages\/49","targetHints":{"allow":["GET"]}}],"collection":[{"href":"https:\/\/ce-resd.sbc.org.br\/index.php?rest_route=\/wp\/v2\/pages"}],"about":[{"href":"https:\/\/ce-resd.sbc.org.br\/index.php?rest_route=\/wp\/v2\/types\/page"}],"author":[{"embeddable":true,"href":"https:\/\/ce-resd.sbc.org.br\/index.php?rest_route=\/wp\/v2\/users\/3"}],"replies":[{"embeddable":true,"href":"https:\/\/ce-resd.sbc.org.br\/index.php?rest_route=%2Fwp%2Fv2%2Fcomments&post=49"}],"version-history":[{"count":1,"href":"https:\/\/ce-resd.sbc.org.br\/index.php?rest_route=\/wp\/v2\/pages\/49\/revisions"}],"predecessor-version":[{"id":779,"href":"https:\/\/ce-resd.sbc.org.br\/index.php?rest_route=\/wp\/v2\/pages\/49\/revisions\/779"}],"wp:attachment":[{"href":"https:\/\/ce-resd.sbc.org.br\/index.php?rest_route=%2Fwp%2Fv2%2Fmedia&parent=49"}],"curies":[{"name":"wp","href":"https:\/\/api.w.org\/{rel}","templated":true}]}}